3*t - 282 = 17. What is the units digit of t?
3
Let h(o) = o + 1. Let w(q) = 35*q + 30. Let g(u) = -30*h(u) + w(u). What is the units digit of g(2)?
0
What is the units digit of 1*2/(6/201)?
7
Let r = 310 - 144. What is the units digit of r?
6
Suppose -4*t + 3*a = -5 - 23, -5*t - 3*a = -8. What is the units digit of t?
4
Let v be 768/56 + (-2)/(-7). Let o(h) = h**3 - 15*h**2 + 15*h - 6. What is the units digit of o(v)?
8
Suppose 6*b = b + 475. What is the units digit of b?
5
Suppose 3*q - 3*z - 141 = 18, 4*q - z - 209 = 0. What is the units digit of q?
2
Let l = -43 + 45. What is the units digit of l?
2
Let s(n) = n**3 + 6*n**2 + 4*n + 8. What is the units digit of s(-4)?
4
Let i(j) = -3*j**2 + 2*j + 11. Let h(w) = -w**2 + w + 4. Let a(z) = -17*h(z) + 6*i(z). Let l be a(-4). Suppose g = l*g - 2. What is the units digit of g?
2
Suppose -4*i + 43 = -493. What is the units digit of i?
4
Let z = 253 - 85. What is the hundreds digit of z?
1
Suppose -3*j + r + 13 = 0, -2*r + 3*r + 16 = 4*j. Let t be (2/(-1) + j)*7. Suppose 0 = 2*i - 41 + t. What is the units digit of i?
7
Suppose -3*s = -4 - 8. What is the units digit of (10/s)/((-2)/(-4))?
5
Let i = 5 + 7. Suppose 0*j - 93 = -4*x - 3*j, -4*j + i = 0. What is the tens digit of x?
2
Let s = -17 + 24. Let a be (-9)/(-2)*(-4)/(-6). Suppose -2*q - 93 = 2*t - s*t, -12 = a*q. What is the units digit of t?
7
Suppose 0 = 2*t - 9 - 1. What is the units digit of t?
5
What is the tens digit of 3 + (-1)/((-2)/34)?
2
Let i be (-2 - -1)*0 - 2. Let s(k) = 2 - 5 + 6*k + k**2 - 8*k. What is the units digit of s(i)?
5
Let d = 3 + -2. Suppose -4*y + 3 + d = 0. Suppose f - 4 = -5*t - y, t + 12 = 4*f. What is the units digit of f?
3
Let y(o) = -4 - 2 - 4*o + 6. Let q be y(4). Let c = q + 23. What is the units digit of c?
7
Suppose 55 = -5*w - 5*i + 480, 4*i + 182 = 2*w. What is the tens digit of w?
8
Suppose -q + 1 + 3 = 0. Suppose -q*z + 40 + 4 = 0. What is the units digit of z?
1
Let k = 68 - 116. What is the units digit of (-1140)/k + (-2)/(-8)?
4
Let i = 6 + -7. What is the units digit of (10 - i) + 10/(-5)?
9
Let o(l) = -l**2 + l + 2. Let u be o(-3). Let y = u - -17. Let j = y + 0. What is the units digit of j?
7
Let d = 7 + -3. Let h = 8 - 2. Let k = d + h. What is the tens digit of k?
1
Let r = 9 + 4. Suppose 39 = 2*o + r. What is the units digit of o?
3
Let i = 11 + -7. Let x(p) = p**2 + 8*p + 2. Let f be x(-8). Suppose -4*g = f*j - 8, i*j - 5 = 5*g - 2*g. What is the units digit of g?
1
Suppose 4*v - 716 = -4*t, 5*v = -4*t + 172 + 543. What is the hundreds digit of t?
1
Let p(x) = 3*x**2 - 3*x + 3. What is the units digit of p(2)?
9
Suppose 9*p = 1534 - 103. What is the tens digit of p?
5
Suppose 0 = 3*n + 4 - 10. Suppose 2*d + 5*o = -0*d + 2, -4*o = n*d - 2. What is the units digit of (d - 0) + (-1 - -2)?
2
Let f = 99 - -87. Suppose -5*i - 71 = -f. What is the units digit of i?
3
Let k = 47 + -32. What is the tens digit of k?
1
Let s(p) = 14*p + 0*p - 4*p. Let g be s(-1). What is the units digit of 4/(-6)*(g - 2)?
8
Suppose -b = -6*b + f + 338, 2*b = 4*f + 146. What is the tens digit of b?
6
Suppose 0 = -5*q - 5*x + 150, 2*q = x + 60 - 12. What is the tens digit of q?
2
Suppose 0 = 3*a - 19 + 7, -o + 204 = a. What is the hundreds digit of o?
2
Let t(u) = -2*u + 4. Let w be t(6). Let c be (-2)/w + (-45)/(-12). Let h = 12 - c. What is the units digit of h?
8
Suppose 35 = 5*p + 5. Suppose n = -2*n + p. What is the units digit of n?
2
Let p = -20 - -5. What is the units digit of 60/8*(-12)/p?
6
Suppose -j + 23 = 1. What is the tens digit of j?
2
Let v(k) = k**3 - k**2 - 3*k - 3. Let j(m) = -m**3 + 3*m**2 - 2*m - 2. Let r be j(2). Let c be v(r). Let a = -5 - c. What is the units digit of a?
4
Suppose 0 = 3*j + b - 397, -j - 6*b = -b - 109. What is the hundreds digit of j?
1
Let a(k) = 2*k + 6. Let m be a(-4). Suppose 4*y = -46 - 26. What is the units digit of (-3 + 4)*y/m?
9
Suppose 0 = 2*c - 4*c + 196. What is the tens digit of c?
9
Let l = 5 - 3. Suppose 0 = 2*n - 4 + l. What is the units digit of n?
1
Suppose -3*j + 14 = -1. Let c = j + 17. What is the units digit of c?
2
Let s = 89 - -327. What is the hundreds digit of s?
4
Let s(u) = -u**3 + 6*u**2 - 2*u - 5. What is the units digit of s(4)?
9
Let m(i) = i - 1. Let q(z) = -3*z - 2. Let t(a) = -2*m(a) + q(a). Let o be (-4)/8 + (-2)/4. What is the units digit of t(o)?
5
Suppose 3*a + 0*a - 2 = k, 3*a = -3*k - 6. Let b = 11 - a. What is the units digit of b?
1
Let f(d) = -d + 4. Let a be f(3). Let b be (-26)/2*(-5)/5. What is the units digit of b*(-3)/(-4 + a)?
3
Suppose 0 = -p - 58 + 148. What is the units digit of p?
0
Suppose 24 = -2*k - 0*k. Let x = k + 26. What is the units digit of x?
4
Let j = 257 - 170. What is the tens digit of j?
8
What is the units digit of (-20)/90 + 1732/18?
6
Suppose 3*p + 6 - 87 = 0. What is the tens digit of p?
2
Let d(o) = o**3 - 14*o**2 + o - 16. Let z be d(14). What is the units digit of 7 + (-5 - z) + 3?
7
Suppose -2874 = -7*u - 879. What is the tens digit of u?
8
Let k = -75 - -143. What is the tens digit of k?
6
Let y(z) = -z**2 + 8*z + 4. Suppose -3*q - 8 = 3*b - 20, -2*b + 5 = 3*q. What is the tens digit of y(b)?
1
Let j be 0 - 3/(6/(-8)). Suppose 5*r - 57 = 2*r. Suppose j*k + k - 27 = -3*a, 5*k + a = r. What is the units digit of k?
3
Let c = 750 - 534. What is the tens digit of c?
1
Suppose 4*r - 6 - 2 = 0. Suppose 3*q = 3*m + 42, 28 = 3*q - r*m - 18. What is the tens digit of q?
1
Let c(w) = -4*w + 2. Let i be (4 + 2)/((-2)/(-4)). Suppose 5*u = u - i. What is the tens digit of c(u)?
1
Suppose 420 = 4*t + 4*c, -t - 4*c - 120 = -2*t. What is the tens digit of t?
0
Suppose 0 = -2*h - 50 + 134. What is the units digit of h?
2
Let y = -68 - -98. What is the tens digit of y?
3
Suppose -3*c = -4*c - 4, -m + 35 = 2*c. What is the tens digit of m?
4
Suppose z - 8 = -5*r, -2*r + 6 = -3*z + 13. What is the units digit of r?
1
Suppose -4 + 24 = -2*d - 4*m, 0 = -3*d + 2*m + 10. Suppose d*a - a = 5*s - 66, -2*s + 31 = 5*a. What is the units digit of s?
3
Suppose 151 + 52 = 7*b. What is the tens digit of b?
2
Let s = 11 - 0. Let g = s - 1. What is the tens digit of g?
1
Let r = -61 - -141. What is the tens digit of r?
8
Suppose -5 = x, -3*h + 224 = 2*x + 3*x. What is the units digit of h?
3
Suppose 3 + 0 = 5*o - 3*p, -5*o + 27 = 3*p. Suppose -2*k + o*i = 5, 6*k + i = k + 30. What is the units digit of k?
5
Suppose -2*x - 3*q = -7*q - 4, 4*x - q - 36 = 0. What is the units digit of x?
0
Suppose -3*f + 47 = 5*y, f = -5*y + 4*f + 53. Let h = 27 - y. What is the units digit of h?
7
Let t(p) = 3*p + 6. Let c(h) = h**3 + 9*h**2 - 10*h - 5. Let s be c(-10). Let k be t(s). What is the units digit of (-39)/k - 2/6?
4
Let f = -6 + 18. Let a = 24 - f. What is the units digit of a?
2
Let h(s) = -s**3 + 11*s**2 - 14*s - 4. What is the tens digit of h(8)?
7
Suppose -2*d + 0*d = 0. Let z be d/2 - (-2)/1. Suppose -13 = -2*m - 5*s, 0*s + 47 = 5*m - z*s. What is the units digit of m?
9
Suppose -5*f = -2*f - 6. Suppose 3*l = 4*l - f. Suppose -3*g = l*g - 5. What is the units digit of g?
1
What is the units digit of 290/3 - ((-7)/3 - -3)?
6
Let l(d) = -d - 3. Let t(f) = -f - 2. Let m(k) = -2*l(k) + 3*t(k). Let j be m(-2). Suppose 3*q - 27 = -j*w, -5*q + 0 + 15 = 0. What is the units digit of w?
9
What is the units digit of (2/(-2)*4)/(3/(-84))?
2
Suppose -6*r + 62 = 86. Suppose 6 = -5*h - 3*d + 1, -4*d - 5 = 5*h. What is the units digit of (r - 1)*(h - 2)?
5
Let p(b) = -b - 1. Let v be p(-1). Suppose 12 = m - v*m. What is the tens digit of m?
1
Let u(r) = 10 - 5*r - 9 - 2 - 2. What is the units digit of u(-6)?
7
Let k(l) = -5*l**2 + 3*l**2 - 2*l**2. Let x be k(1). Let w = x - -8. What is the units digit of w?
4
Suppose -2*u = u + 5*v - 285, 4*u = 5*v + 415. What is the tens digit of u?
0
Suppose -9 - 7 = 2*n + 2*p, 0 = 5*n - 3*p + 8. Let z = 1 - n. What is the units digit of z?
5
Let z(l) = -l**2 + 2 + 0*l**2 - 4 + 3 + 10*l**3. Let r be z(-1). Let t = r - -17. What is the units digit of t?
7
Suppose -3*t + 0 = -3, 4*o = 5*t + 191. What is the units digit of o?
9
Let q(m) = m**2 - 3*m + 22. What is the tens digit of q(8)?
6
Let c = 5 - 2. Let a be (-2)/4 - c/(-2). What is the units digit of 114/24 - a/(-4)?
5
Suppose -g - 2*g + 4*m + 291 = 0, 4*g = -